{"id":367,"date":"2024-07-22T21:48:45","date_gmt":"2024-07-22T19:48:45","guid":{"rendered":"https:\/\/do.flagada.be\/?page_id=367"},"modified":"2024-07-22T21:49:47","modified_gmt":"2024-07-22T19:49:47","slug":"test","status":"publish","type":"page","link":"https:\/\/do.flagada.be\/index.php\/test\/","title":{"rendered":"test"},"content":{"rendered":"<ul class=\"wp-block-latest-posts__list is-grid columns-3 alignright wp-block-latest-posts\"><li><a class=\"wp-block-latest-posts__post-title\" href=\"https:\/\/do.flagada.be\/index.php\/2025\/11\/10\/un-octogenaire-part-chez-le-medecin-et-se-retrouve-1-500-km-plus-loin-a-zagreb\/\">Un octog\u00e9naire part chez le m\u00e9decin et se retrouve 1 500 km plus loin \u00e0 Zagreb<\/a><\/li>\n<li><a class=\"wp-block-latest-posts__post-title\" href=\"https:\/\/do.flagada.be\/index.php\/2025\/11\/10\/cosmoss-lost-in-the-echoes-hit-novembre-2025\/\">\u00ab Lost in the Echoes \u00bb : la nouvelle chanson poignante du groupe Cosmoss qui bouleverse d\u00e9j\u00e0 le web<\/a><\/li>\n<li><a class=\"wp-block-latest-posts__post-title\" href=\"https:\/\/do.flagada.be\/index.php\/2025\/10\/20\/braquage-louvre-2025-lupin-fiction\/\">Le casse du si\u00e8cle au Louvre : Omar Sy inculp\u00e9?<\/a><\/li>\n<li><a class=\"wp-block-latest-posts__post-title\" href=\"https:\/\/do.flagada.be\/index.php\/2025\/10\/17\/le-kombucha-sort-de-lombre-comment-la-boisson-devient-une-mode-grand-public\/\">Le kombucha sort de l\u2019ombre : comment la boisson devient une mode grand public<\/a><\/li>\n<li><a class=\"wp-block-latest-posts__post-title\" href=\"https:\/\/do.flagada.be\/index.php\/2025\/10\/16\/passage-heure-hiver-2025-sommeil\/\">Heures de sommeil perdues ou gagn\u00e9es ? Ce que vous devez savoir sur le passage \u00e0 l\u2019heure d\u2019hiver 2025<\/a><\/li>\n<\/ul>","protected":false},"excerpt":{"rendered":"","protected":false},"author":1,"featured_media":0,"parent":0,"menu_order":0,"comment_status":"closed","ping_status":"closed","template":"","meta":{"footnotes":""},"class_list":["post-367","page","type-page","status-publish","hentry"],"yoast_head":"<!-- This site is optimized with the Yoast SEO plugin v27.0 - https:\/\/yoast.com\/product\/yoast-seo-wordpress\/ -->\n<title>test - Flagado<\/title>\n<meta name=\"robots\" content=\"index, follow, max-snippet:-1, max-image-preview:large, max-video-preview:-1\" \/>\n<link rel=\"canonical\" href=\"https:\/\/do.flagada.be\/index.php\/test\/\" \/>\n<meta property=\"og:locale\" content=\"fr_FR\" \/>\n<meta property=\"og:type\" content=\"article\" \/>\n<meta property=\"og:title\" content=\"test - Flagado\" \/>\n<meta property=\"og:url\" content=\"https:\/\/do.flagada.be\/index.php\/test\/\" \/>\n<meta property=\"og:site_name\" content=\"Flagado\" \/>\n<meta property=\"article:modified_time\" content=\"2024-07-22T19:49:47+00:00\" \/>\n<meta name=\"twitter:card\" content=\"summary_large_image\" \/>\n<script type=\"application\/ld+json\" class=\"yoast-schema-graph\">{\"@context\":\"https:\/\/schema.org\",\"@graph\":[{\"@type\":\"WebPage\",\"@id\":\"https:\/\/do.flagada.be\/index.php\/test\/\",\"url\":\"https:\/\/do.flagada.be\/index.php\/test\/\",\"name\":\"test - Flagado\",\"isPartOf\":{\"@id\":\"https:\/\/do.flagada.be\/#website\"},\"datePublished\":\"2024-07-22T19:48:45+00:00\",\"dateModified\":\"2024-07-22T19:49:47+00:00\",\"breadcrumb\":{\"@id\":\"https:\/\/do.flagada.be\/index.php\/test\/#breadcrumb\"},\"inLanguage\":\"fr-FR\",\"potentialAction\":[{\"@type\":\"ReadAction\",\"target\":[\"https:\/\/do.flagada.be\/index.php\/test\/\"]}]},{\"@type\":\"BreadcrumbList\",\"@id\":\"https:\/\/do.flagada.be\/index.php\/test\/#breadcrumb\",\"itemListElement\":[{\"@type\":\"ListItem\",\"position\":1,\"name\":\"Accueil\",\"item\":\"https:\/\/do.flagada.be\/\"},{\"@type\":\"ListItem\",\"position\":2,\"name\":\"test\"}]},{\"@type\":\"WebSite\",\"@id\":\"https:\/\/do.flagada.be\/#website\",\"url\":\"https:\/\/do.flagada.be\/\",\"name\":\"Flagado\",\"description\":\"L&#039;info\",\"publisher\":{\"@id\":\"https:\/\/do.flagada.be\/#organization\"},\"potentialAction\":[{\"@type\":\"SearchAction\",\"target\":{\"@type\":\"EntryPoint\",\"urlTemplate\":\"https:\/\/do.flagada.be\/?s={search_term_string}\"},\"query-input\":{\"@type\":\"PropertyValueSpecification\",\"valueRequired\":true,\"valueName\":\"search_term_string\"}}],\"inLanguage\":\"fr-FR\"},{\"@type\":\"Organization\",\"@id\":\"https:\/\/do.flagada.be\/#organization\",\"name\":\"Flagado\",\"url\":\"https:\/\/do.flagada.be\/\",\"logo\":{\"@type\":\"ImageObject\",\"inLanguage\":\"fr-FR\",\"@id\":\"https:\/\/do.flagada.be\/#\/schema\/logo\/image\/\",\"url\":\"https:\/\/do.flagada.be\/wp-content\/uploads\/2023\/10\/cropped-image.png\",\"contentUrl\":\"https:\/\/do.flagada.be\/wp-content\/uploads\/2023\/10\/cropped-image.png\",\"width\":1112,\"height\":199,\"caption\":\"Flagado\"},\"image\":{\"@id\":\"https:\/\/do.flagada.be\/#\/schema\/logo\/image\/\"}}]}<\/script>\n<!-- \/ Yoast SEO plugin. -->","yoast_head_json":{"title":"test - Flagado","robots":{"index":"index","follow":"follow","max-snippet":"max-snippet:-1","max-image-preview":"max-image-preview:large","max-video-preview":"max-video-preview:-1"},"canonical":"https:\/\/do.flagada.be\/index.php\/test\/","og_locale":"fr_FR","og_type":"article","og_title":"test - Flagado","og_url":"https:\/\/do.flagada.be\/index.php\/test\/","og_site_name":"Flagado","article_modified_time":"2024-07-22T19:49:47+00:00","twitter_card":"summary_large_image","schema":{"@context":"https:\/\/schema.org","@graph":[{"@type":"WebPage","@id":"https:\/\/do.flagada.be\/index.php\/test\/","url":"https:\/\/do.flagada.be\/index.php\/test\/","name":"test - Flagado","isPartOf":{"@id":"https:\/\/do.flagada.be\/#website"},"datePublished":"2024-07-22T19:48:45+00:00","dateModified":"2024-07-22T19:49:47+00:00","breadcrumb":{"@id":"https:\/\/do.flagada.be\/index.php\/test\/#breadcrumb"},"inLanguage":"fr-FR","potentialAction":[{"@type":"ReadAction","target":["https:\/\/do.flagada.be\/index.php\/test\/"]}]},{"@type":"BreadcrumbList","@id":"https:\/\/do.flagada.be\/index.php\/test\/#breadcrumb","itemListElement":[{"@type":"ListItem","position":1,"name":"Accueil","item":"https:\/\/do.flagada.be\/"},{"@type":"ListItem","position":2,"name":"test"}]},{"@type":"WebSite","@id":"https:\/\/do.flagada.be\/#website","url":"https:\/\/do.flagada.be\/","name":"Flagado","description":"L&#039;info","publisher":{"@id":"https:\/\/do.flagada.be\/#organization"},"potentialAction":[{"@type":"SearchAction","target":{"@type":"EntryPoint","urlTemplate":"https:\/\/do.flagada.be\/?s={search_term_string}"},"query-input":{"@type":"PropertyValueSpecification","valueRequired":true,"valueName":"search_term_string"}}],"inLanguage":"fr-FR"},{"@type":"Organization","@id":"https:\/\/do.flagada.be\/#organization","name":"Flagado","url":"https:\/\/do.flagada.be\/","logo":{"@type":"ImageObject","inLanguage":"fr-FR","@id":"https:\/\/do.flagada.be\/#\/schema\/logo\/image\/","url":"https:\/\/do.flagada.be\/wp-content\/uploads\/2023\/10\/cropped-image.png","contentUrl":"https:\/\/do.flagada.be\/wp-content\/uploads\/2023\/10\/cropped-image.png","width":1112,"height":199,"caption":"Flagado"},"image":{"@id":"https:\/\/do.flagada.be\/#\/schema\/logo\/image\/"}}]}},"_links":{"self":[{"href":"https:\/\/do.flagada.be\/index.php\/wp-json\/wp\/v2\/pages\/367","targetHints":{"allow":["GET"]}}],"collection":[{"href":"https:\/\/do.flagada.be\/index.php\/wp-json\/wp\/v2\/pages"}],"about":[{"href":"https:\/\/do.flagada.be\/index.php\/wp-json\/wp\/v2\/types\/page"}],"author":[{"embeddable":true,"href":"https:\/\/do.flagada.be\/index.php\/wp-json\/wp\/v2\/users\/1"}],"replies":[{"embeddable":true,"href":"https:\/\/do.flagada.be\/index.php\/wp-json\/wp\/v2\/comments?post=367"}],"version-history":[{"count":2,"href":"https:\/\/do.flagada.be\/index.php\/wp-json\/wp\/v2\/pages\/367\/revisions"}],"predecessor-version":[{"id":369,"href":"https:\/\/do.flagada.be\/index.php\/wp-json\/wp\/v2\/pages\/367\/revisions\/369"}],"wp:attachment":[{"href":"https:\/\/do.flagada.be\/index.php\/wp-json\/wp\/v2\/media?parent=367"}],"curies":[{"name":"wp","href":"https:\/\/api.w.org\/{rel}","templated":true}]}}